 o and l.
3
Let o be -2 - 3/((-9)/42). Suppose -5*c = o - 37. Suppose c*j - 2 = 13. Calculate the highest common factor of j and 15.
3
Suppose -2*v = 7 - 21. Suppose 2*x = v*x - 135. Calculate the highest common factor of 18 and x.
9
Suppose -5*k + n = -0*n - 173, 2*k = -3*n + 76. Calculate the greatest common factor of 5 and k.
5
Let i be (-196)/3 - 5/(-15). Let v = 5 - i. Let g = 2 + 5. Calculate the greatest common factor of g and v.
7
Let a(c) = -8*c - 8. Let i be a(-6). Suppose 5 = 5*d - i. Suppose -2*f - 2 = -2*u, 12 = 3*u + 2*f - 16. What is the greatest common factor of d and u?
3
Let r be (5/2)/((-9)/(-18)). Calculate the greatest common factor of 25 and r.
5
Let q be 3268/28 + 4/14. What is the highest common factor of 13 and q?
13
Let w = 72 + -40. Let h = -9 + w. Let n = h + -12. Calculate the greatest common factor of 33 and n.
11
Let l be 60/15 - 4*-76. What is the highest common divisor of l and 28?
28
Let w(d) = 20*d**3 + 2*d**2 - 4*d + 5. Let y be w(2). What is the greatest common factor of y and 15?
15
Let g be (-2552)/(-33) - (-4)/6. What is the greatest common factor of 26 and g?
26
Let k(p) = -p**3 + 4*p**2 + 7*p - 6. Let d be k(5). Suppose -34 = -s + n, 4*s - d*n = -2*n + 140. Calculate the highest common divisor of s and 9.
9
Let n(p) = -p**3 - 6*p**2 - 7*p - 5. Let m be n(-5). Suppose 3*t = -0 + 3. Suppose m*j - t = 44. What is the greatest common divisor of 1 and j?
1
Suppose 2*i + 616 = 16*i. What is the greatest common factor of 88 and i?
44
Let t be 2/(-11) - 1728/(-66). Calculate the greatest common factor of t and 104.
26
Let d = 13 + -7. What is the greatest common divisor of d and 18?
6
Let s be 7 + (-2 - 2) + 69. Calculate the highest common divisor of 18 and s.
18
Let f be 4*(-12)/(-64)*16. Calculate the greatest common factor of f and 36.
12
Let n be (7/2)/((-1)/(-14)). Suppose 0 = -4*k + 84 - 56. What is the greatest common divisor of k and n?
7
Let f(b) = -b - 3. Let g be f(-3). Suppose 2*d - 110 = -g*d. Suppose 5*i + 3*q - 55 = 0, i - 5*i = q - 44. What is the greatest common divisor of i and d?
11
Suppose 2*v - 4*t - t = -9, 4*t = 20. Calculate the highest common factor of v and 4.
4
Let m be (-2)/(-5) - 12/(-20). Suppose 0 = -l - 5*w - m - 63, 10 = 5*w. Let q be l/(-9) - 2/9. Calculate the greatest common factor of q and 88.
8
Let c be 29/((-1 + 0)*-1). Let i = -20 + c. Calculate the highest common divisor of 81 and i.
9
Let q(s) = -8*s - 42. Let u be q(-6). Calculate the greatest common factor of u and 15.
3
Let d(u) = -u**2 - 10*u - 8. Let l be d(-6). What is the highest common factor of 48 and l?
16
Let l(k) = -k**2 - 6*k + 2. Let r be l(-4). Let a be (9/(-15))/((-1)/r). What is the highest common divisor of 4 and a?
2
Let y(c) = 2 - 2 + 7*c - c**2 - 1. Let x be y(6). Let t(n) = 5*n**2 - n + 1. Let s be t(1). Calculate the greatest common divisor of s and x.
5
Suppose 5*o + 16 = -4. Let m(z) = -30*z. Let i be m(o). Calculate the highest common divisor of 15 and i.
15
Let u(q) = -q + 2. Let d be u(-8). Let w(h) = 9*h**2 - 3*h - 2. Let c be w(-2). What is the greatest common divisor of c and d?
10
Suppose -3*v - 340 = 227. Let c = v - -484. Suppose -6*w + 2*w + 8 = 0, w = 3*d - c. Calculate the greatest common divisor of 11 and d.
11
Suppose 0 = 5*o + 2*v - 786 - 116, 4*o = -3*v + 723. Suppose 4*k - 95 = 4*t + t, -51 = -3*k - 3*t. Calculate the highest common factor of k and o.
20
Let u be 1/(((-4)/(16/4))/(-1)). What is the highest common divisor of 7 and u?
1
Let r = 42 - 22. Let y(f) = -2*f - 18. Let j be y(-14). Calculate the highest common divisor of r and j.
10
Suppose 4*v + 52 = 4*r, 6*v = 3*r + v - 39. Calculate the greatest common divisor of r and 117.
13
Suppose 5*w + 56 = 2*c - 59, 0 = -3*c + 4*w + 176. Let t(m) = -6*m. Let d be t(-2). What is the greatest common divisor of c and d?
12
Let k(h) = -4*h**3 - h. Let c be k(1). Let s be ((-60)/c)/(1 - 0). Calculate the greatest common factor of 48 and s.
12
Let r be 0 - (-3)/(3/2). Suppose 2*p - m = -10, p - 3*m + 2*m + 6 = 0. Let c be p/(-6) - 92/(-6). Calculate the greatest common divisor of r and c.
2
Suppose 2*b = -0*b + 100. Suppose -b = -3*g + 247. Let h = -23 + 34. Calculate the greatest common factor of g and h.
11
Let u(h) = h**2 + 9*h + 3. Let b be u(-9). What is the greatest common factor of 27 and b?
3
Suppose 0*h - h + 15 = 0. What is the greatest common factor of h and 135?
15
Let h be 1/3*(-24)/(-2). Suppose d + h - 12 = 0. Suppose 5*c - 20 = 4*c. What is the greatest common factor of c and d?
4
Suppose -3*q + 40 = -44. Let a = -19 + q. Calculate the highest common divisor of 63 and a.
9
Suppose -32 = 118*g - 122*g. Let l(r) = -4*r + 4. Let i be l(-4). Suppose -5*t + 140 + i = 0. Calculate the highest common factor of g and t.
8
Let p(g) = 7*g + 6. Let o be p(0). Let x(i) = -29*i + 1. Let a be x(-1). Calculate the greatest common divisor of o and a.
6
Let q(f) = -f - 1. Let t be q(-5). Let v(w) = -4*w - 3. Let h be v(0). Let d = t + h. What is the greatest common divisor of d and 4?
1
Let g = -24 + 26. Let a(w) = 4*w. Let p be a(1). Calculate the highest common divisor of p and g.
2
Suppose 5*d - b = 133, -d - 2*b + 5*b + 21 = 0. Suppose 5*h = -40 + 130. Calculate the highest common factor of d and h.
9
Let u(g) = -46*g - 34. Let t be u(-5). What is the greatest common divisor of t and 28?
28
Suppose -4*z + 2*z + 112 = 0. Let w(u) = u**2 - u - 5. Let o be w(5). Suppose 24 = 4*n - q, -n = -q + 3*q - o. What is the greatest common divisor of n and z?
7
Suppose 3*m - 26 - 28 = 0. Suppose -5*t + 2*x + 722 = 0, -430 = -3*t - 0*t - 2*x. Calculate the highest common divisor of t and m.
18
Let v be (-1 + -2)/((-3)/7). Calculate the greatest common factor of 7 and v.
7
Suppose 0 = -d - 3 + 23. What is the highest common divisor of 100 and d?
20
Suppose u + 7 = 4*u - 2*n, -5*u = 4*n - 41. Calculate the greatest common factor of u and 85.
5
Let p = -19 + 35. What is the highest common divisor of 8 and p?
8
Let c(j) = 6*j**2 - 2*j - 9. Let b be c(-4). Calculate the greatest common divisor of 38 and b.
19
Let u be 2/(-7) + 44/7. Suppose g + z - 32 = 0, -5*g + 4*z = -0*g - 196. What is the highest common factor of g and u?
6
Suppose 0 = -5*n + 4 + 6. Let y be (-5)/(-2 + (-2)/(-2)). Let k = y - -9. Calculate the greatest common divisor of k and n.
2
Suppose -q = -5*q + 48. What is the greatest common factor of q and 3?
3
Let z = 23 - 20. Calculate the greatest common factor of 24 and z.
3
Let k = 15 - 17. Let g = 14 - k. What is the highest common factor of g and 64?
16
Let y(v) = -8*v. Suppose t = -5 - 1. Let k be y(t). Let n be k/20*(-105)/(-2). Calculate the highest common factor of n and 14.
14
Let k(o) = 9*o - 4. Let f be k(4). Let u(x) = 0*x**3 + 10*x - 4*x - 7*x**2 + x**3 + 4. Let z be u(6). Calculate the greatest common factor of f and z.
4
Suppose 2*b = -3*b + 15. Suppose 6 = b*w - 2*w. Calculate the greatest common factor of 48 and w.
6
Let y(o) = 1 + 3 + 5*o**2 + 2*o - 5 - 5 - o**3. Let i be y(4). Calculate the greatest common factor of i and 18.
18
Let b(f) = -1 - 3 - 2 + 5. Let a(p) = 7*p - 7. Let c(h) = -a(h) + b(h). Let t be c(-7). Calculate the highest common divisor of t and 5.
5
Let w = 50 + 46. What is the highest common factor of 12 and w?
12
Suppose -9*j - 108 = -18*j. Calculate the highest common factor of j and 4.
4
Suppose 2*d + 3*q = d - 17, -2*d + 3*q = -11. Let k be (-4)/d + 36/12. What is the greatest common factor of 2 and k?
1
Let q = 11 + -1. Let m = -174 + 254. What is the highest common factor of q and m?
10
Let d be -9 + (-3 - -7) + -2. Let t = 14 + d. What is the highest common factor of 77 and t?
7
Let f(a) = a - 1. Let j be f(-3). Let k be -2*(26/j + 3). Calculate the greatest common factor of k and 28.
7
Let t be 12/(-1)*1/(-2). Let n be (4/6)/((-2)/(-6)). Suppose y - n*a - 9 = -0, -5*y + 18 = -a. Calculate the highest common factor of y and t.
3
Let b(r) = -r**2 - 6*r + 7. Let j be b(-7). Suppose -3*o + 5*k + 22 = j, 0*k - 5*k + 14 = o. Calculate the highest common factor of 3 and o.
3
Let t(q) = -5*q - 27. Let y be t(-13). Calculate the greatest common divisor of y and 2.
2
Suppose o + 4*o = 280. What is the greatest common divisor of 8 and o?
8
Suppose -h + 0*h + 71 = 3*c, 2*c - 4*h = 52. What is the 